Last updated on 2020-12-04 00:48:20 CET.
Flavor | Version | Tinstall | Tcheck | Ttotal | Status | Flags |
---|---|---|---|---|---|---|
r-devel-linux-x86_64-debian-clang | 0.1-6 | 2.41 | 22.64 | 25.05 | NOTE | |
r-devel-linux-x86_64-debian-gcc | 0.1-6 | 2.06 | 19.27 | 21.33 | NOTE | |
r-devel-linux-x86_64-fedora-clang | 0.1-6 | 35.63 | NOTE | |||
r-devel-linux-x86_64-fedora-gcc | 0.1-6 | 26.65 | NOTE | |||
r-devel-windows-ix86+x86_64 | 0.1-6 | 5.00 | 33.00 | 38.00 | NOTE | |
r-patched-linux-x86_64 | 0.1-6 | 2.42 | 21.64 | 24.06 | NOTE | |
r-patched-solaris-x86 | 0.1-6 | 40.00 | NOTE | |||
r-release-linux-x86_64 | 0.1-6 | 2.21 | 22.22 | 24.43 | NOTE | |
r-release-macos-x86_64 | 0.1-6 | NOTE | ||||
r-release-windows-ix86+x86_64 | 0.1-6 | 4.00 | 28.00 | 32.00 | NOTE | |
r-oldrel-macos-x86_64 | 0.1-6 | NOTE | ||||
r-oldrel-windows-ix86+x86_64 | 0.1-6 | 4.00 | 42.00 | 46.00 | NOTE |
Version: 0.1-6
Check: R code for possible problems
Result: NOTE
eb: no visible global function definition for 'optimize'
ebalance: no visible global function definition for 'var'
Undefined global functions or variables:
optimize var
Consider adding
importFrom("stats", "optimize", "var")
to your NAMESPACE file.
Flavors: r-devel-linux-x86_64-debian-clang, r-devel-linux-x86_64-debian-gcc, r-devel-linux-x86_64-fedora-clang, r-devel-linux-x86_64-fedora-gcc, r-devel-windows-ix86+x86_64, r-patched-linux-x86_64, r-patched-solaris-x86, r-release-linux-x86_64, r-release-macos-x86_64, r-release-windows-ix86+x86_64, r-oldrel-macos-x86_64, r-oldrel-windows-ix86+x86_64