CRAN Package Check Results for Package easyr

Last updated on 2020-12-04 00:48:20 CET.

Flavor Version Tinstall Tcheck Ttotal Status Flags
r-devel-linux-x86_64-debian-clang 0.5-2 6.35 60.01 66.36 OK
r-devel-linux-x86_64-debian-gcc 0.5-2 5.61 46.77 52.38 OK
r-devel-linux-x86_64-fedora-clang 0.5-2 84.93 NOTE
r-devel-linux-x86_64-fedora-gcc 0.5-2 92.63 NOTE
r-devel-windows-ix86+x86_64 0.5-2 12.00 92.00 104.00 OK
r-patched-linux-x86_64 0.5-2 5.24 57.36 62.60 OK
r-patched-solaris-x86 0.5-2 101.40 NOTE
r-release-linux-x86_64 0.5-2 5.14 58.07 63.21 OK
r-release-macos-x86_64 0.5-2 NOTE
r-release-windows-ix86+x86_64 0.5-2 10.00 73.00 83.00 OK
r-oldrel-macos-x86_64 0.5-2 NOTE
r-oldrel-windows-ix86+x86_64 0.5-2 23.00 95.00 118.00 OK

Check Details

Version: 0.5-2
Check: dependencies in R code
Result: NOTE
    Namespace in Imports field not imported from: ‘rprojroot’
     All declared Imports should be used.
Flavors: r-devel-linux-x86_64-fedora-clang, r-devel-linux-x86_64-fedora-gcc, r-patched-solaris-x86, r-release-macos-x86_64, r-oldrel-macos-x86_64