Last updated on 2020-12-04 00:48:20 CET.
Flavor | Version | Tinstall | Tcheck | Ttotal | Status | Flags |
---|---|---|---|---|---|---|
r-devel-linux-x86_64-debian-clang | 5.3.0 | 19.60 | 91.73 | 111.33 | OK | |
r-devel-linux-x86_64-debian-gcc | 5.3.0 | 15.36 | 71.61 | 86.97 | OK | |
r-devel-linux-x86_64-fedora-clang | 5.3.0 | 139.63 | NOTE | |||
r-devel-linux-x86_64-fedora-gcc | 5.3.0 | 131.09 | OK | |||
r-devel-windows-ix86+x86_64 | 5.3.0 | 36.00 | 113.00 | 149.00 | OK | |
r-patched-linux-x86_64 | 5.3.0 | 17.55 | 85.66 | 103.21 | OK | |
r-patched-solaris-x86 | 5.3.0 | 150.60 | OK | |||
r-release-linux-x86_64 | 5.3.0 | 22.91 | 85.69 | 108.60 | OK | |
r-release-macos-x86_64 | 5.3.0 | OK | ||||
r-release-windows-ix86+x86_64 | 5.3.0 | 30.00 | 114.00 | 144.00 | OK | |
r-oldrel-macos-x86_64 | 5.3.0 | OK | ||||
r-oldrel-windows-ix86+x86_64 | 5.3.0 | 27.00 | 110.00 | 137.00 | OK |
Version: 5.3.0
Check: Rd cross-references
Result: NOTE
Undeclared package ‘leaps’ in Rd xrefs
Flavor: r-devel-linux-x86_64-fedora-clang