CRAN Package Check Results for Package ePCR

Last updated on 2020-12-04 00:48:21 CET.

Flavor Version Tinstall Tcheck Ttotal Status Flags
r-devel-linux-x86_64-debian-clang 0.9.9-11 15.40 116.20 131.60 OK
r-devel-linux-x86_64-debian-gcc 0.9.9-11 13.42 89.54 102.96 OK
r-devel-linux-x86_64-fedora-clang 0.9.9-11 167.63 NOTE
r-devel-linux-x86_64-fedora-gcc 0.9.9-11 160.88 OK
r-devel-windows-ix86+x86_64 0.9.9-11 28.00 146.00 174.00 OK
r-patched-linux-x86_64 0.9.9-11 11.28 110.67 121.95 OK
r-patched-solaris-x86 0.9.9-11 219.90 NOTE
r-release-linux-x86_64 0.9.9-11 10.77 109.60 120.37 OK
r-release-macos-x86_64 0.9.9-11 OK
r-release-windows-ix86+x86_64 0.9.9-11 22.00 119.00 141.00 OK
r-oldrel-macos-x86_64 0.9.9-11 OK
r-oldrel-windows-ix86+x86_64 0.9.9-11 25.00 141.00 166.00 OK

Check Details

Version: 0.9.9-11
Check: installed package size
Result: NOTE
     installed size is 5.0Mb
     sub-directories of 1Mb or more:
     data 4.3Mb
Flavors: r-devel-linux-x86_64-fedora-clang, r-patched-solaris-x86