CRAN Package Check Results for Package dynetNLAResistance

Last updated on 2020-12-04 00:48:20 CET.

Flavor Version Tinstall Tcheck Ttotal Status Flags
r-devel-linux-x86_64-debian-clang 0.1.0 4.08 31.71 35.79 OK
r-devel-linux-x86_64-debian-gcc 0.1.0 3.69 26.33 30.02 OK
r-devel-linux-x86_64-fedora-clang 0.1.0 49.72 NOTE
r-devel-linux-x86_64-fedora-gcc 0.1.0 40.15 NOTE
r-devel-windows-ix86+x86_64 0.1.0 7.00 47.00 54.00 OK
r-patched-linux-x86_64 0.1.0 3.83 32.42 36.25 OK
r-patched-solaris-x86 0.1.0 66.40 NOTE
r-release-linux-x86_64 0.1.0 3.98 30.50 34.48 OK
r-release-macos-x86_64 0.1.0 NOTE
r-release-windows-ix86+x86_64 0.1.0 6.00 36.00 42.00 OK
r-oldrel-macos-x86_64 0.1.0 NOTE
r-oldrel-windows-ix86+x86_64 0.1.0 5.00 43.00 48.00 OK

Check Details

Version: 0.1.0
Check: dependencies in R code
Result: NOTE
    Namespace in Imports field not imported from: ‘graphics’
     All declared Imports should be used.
Flavors: r-devel-linux-x86_64-fedora-clang, r-devel-linux-x86_64-fedora-gcc, r-patched-solaris-x86, r-release-macos-x86_64, r-oldrel-macos-x86_64