CRAN Package Check Results for Package dyndimred

Last updated on 2020-12-04 00:48:20 CET.

Flavor Version Tinstall Tcheck Ttotal Status Flags
r-devel-linux-x86_64-debian-clang 1.0.3 10.48 135.71 146.19 OK
r-devel-linux-x86_64-debian-gcc 1.0.3 8.19 105.42 113.61 OK
r-devel-linux-x86_64-fedora-clang 1.0.3 178.83 OK
r-devel-linux-x86_64-fedora-gcc 1.0.3 168.87 OK
r-devel-windows-ix86+x86_64 1.0.3 22.00 153.00 175.00 OK
r-patched-linux-x86_64 1.0.3 9.32 126.76 136.08 OK
r-patched-solaris-x86 1.0.3 275.20 OK
r-release-linux-x86_64 1.0.3 9.25 127.17 136.42 OK
r-release-macos-x86_64 1.0.3 ERROR
r-release-windows-ix86+x86_64 1.0.3 18.00 122.00 140.00 OK
r-oldrel-macos-x86_64 1.0.3 ERROR
r-oldrel-windows-ix86+x86_64 1.0.3 15.00 156.00 171.00 OK

Check Details

Version: 1.0.3
Check: package dependencies
Result: NOTE
    Package suggested but not available for checking: ‘destiny’
Flavor: r-release-macos-x86_64

Version: 1.0.3
Check: tests
Result: ERROR
     Running ‘testthat.R’ [17s/23s]
    Running the tests in ‘tests/testthat.R’ failed.
    Last 13 lines of output:
    
     ── 2. Error: Perform dimred dm_destiny ────────────────────────────────────────
     Please install the following packages:
     "destiny"
     Backtrace:
     1. dyndimred:::method_fun(small_expr)
     2. dynutils::install_packages("destiny")
    
     ══ testthat results ═══════════════════════════════════════════════════════════
     [ OK: 191 | SKIPPED: 0 | WARNINGS: 5 | FAILED: 2 ]
     1. Error: Perform dimred dm_destiny
     2. Error: Perform dimred dm_destiny
    
     Error: testthat unit tests failed
     Execution halted
Flavor: r-release-macos-x86_64

Version: 1.0.3
Check: tests
Result: ERROR
     Running ‘testthat.R’ [36s/35s]
    Running the tests in ‘tests/testthat.R’ failed.
    Last 13 lines of output:
     1. └─dyndimred:::method_fun(small_expr)
     2. └─dynutils::install_packages("destiny")
    
     ══ testthat results ═══════════════════════════════════════════════════════════
     Warning (???): Perform dimred umap
     Warning (???): Perform dimred umap
     Warning (???): Perform dimred umap
     ERROR (???): Perform dimred dm_destiny
     Warning (???): Perform dimred umap
     Warning (???): Perform dimred umap
     ERROR (???): Perform dimred dm_destiny
    
     [ FAIL 2 | WARN 5 | SKIP 0 | PASS 191 ]
     Error: Test failures
     Execution halted
Flavor: r-oldrel-macos-x86_64