Last updated on 2020-12-04 00:48:20 CET.
Flavor | Version | Tinstall | Tcheck | Ttotal | Status | Flags |
---|---|---|---|---|---|---|
r-devel-linux-x86_64-debian-clang | 1.5.6 | 1.72 | 21.83 | 23.55 | NOTE | |
r-devel-linux-x86_64-debian-gcc | 1.5.6 | 1.47 | 19.33 | 20.80 | NOTE | |
r-devel-linux-x86_64-fedora-clang | 1.5.6 | 35.94 | NOTE | |||
r-devel-linux-x86_64-fedora-gcc | 1.5.6 | 25.46 | NOTE | |||
r-devel-windows-ix86+x86_64 | 1.5.6 | 4.00 | 38.00 | 42.00 | NOTE | |
r-patched-linux-x86_64 | 1.5.6 | 1.92 | 20.73 | 22.65 | NOTE | |
r-patched-solaris-x86 | 1.5.6 | 40.40 | NOTE | |||
r-release-linux-x86_64 | 1.5.6 | 1.65 | 20.82 | 22.47 | NOTE | |
r-release-macos-x86_64 | 1.5.6 | NOTE | ||||
r-release-windows-ix86+x86_64 | 1.5.6 | 4.00 | 29.00 | 33.00 | NOTE | |
r-oldrel-macos-x86_64 | 1.5.6 | NOTE | ||||
r-oldrel-windows-ix86+x86_64 | 1.5.6 | 4.00 | 45.00 | 49.00 | NOTE |
Version: 1.5.6
Check: top-level files
Result: NOTE
File
LICENSE
is not mentioned in the DESCRIPTION file.
Flavors: r-devel-linux-x86_64-debian-clang, r-devel-linux-x86_64-debian-gcc, r-devel-linux-x86_64-fedora-clang, r-devel-linux-x86_64-fedora-gcc, r-devel-windows-ix86+x86_64, r-patched-linux-x86_64, r-patched-solaris-x86, r-release-linux-x86_64, r-release-macos-x86_64, r-release-windows-ix86+x86_64, r-oldrel-macos-x86_64, r-oldrel-windows-ix86+x86_64
Version: 1.5.6
Check: R code for possible problems
Result: NOTE
dummy: no visible global function definition for 'model.matrix'
dummy: no visible global function definition for 'model.frame'
Undefined global functions or variables:
model.frame model.matrix
Consider adding
importFrom("stats", "model.frame", "model.matrix")
to your NAMESPACE file.
Flavors: r-devel-linux-x86_64-debian-clang, r-devel-linux-x86_64-debian-gcc, r-devel-linux-x86_64-fedora-clang, r-devel-linux-x86_64-fedora-gcc, r-devel-windows-ix86+x86_64, r-patched-linux-x86_64, r-patched-solaris-x86, r-release-linux-x86_64, r-release-macos-x86_64, r-release-windows-ix86+x86_64, r-oldrel-macos-x86_64, r-oldrel-windows-ix86+x86_64
Version: 1.5.6
Check: Rd line widths
Result: NOTE
Rd file 'dummy.Rd':
\usage lines wider than 90 characters:
dummy.data.frame(data, names = NULL, omit.constants=TRUE, dummy.classes = getOption("dummy.classes"), all = TRUE, ...)
These lines will be truncated in the PDF manual.
Flavors: r-devel-linux-x86_64-debian-clang, r-devel-linux-x86_64-debian-gcc, r-devel-linux-x86_64-fedora-clang, r-devel-linux-x86_64-fedora-gcc, r-patched-linux-x86_64, r-release-linux-x86_64