Last updated on 2020-12-04 00:48:20 CET.
Flavor | Version | Tinstall | Tcheck | Ttotal | Status | Flags |
---|---|---|---|---|---|---|
r-devel-linux-x86_64-debian-clang | 2020.2-1 | 16.00 | 114.22 | 130.22 | OK | |
r-devel-linux-x86_64-debian-gcc | 2020.2-1 | 13.67 | 88.27 | 101.94 | OK | |
r-devel-linux-x86_64-fedora-clang | 2020.2-1 | 160.90 | NOTE | |||
r-devel-linux-x86_64-fedora-gcc | 2020.2-1 | 916.41 | NOTE | |||
r-devel-windows-ix86+x86_64 | 2020.2-1 | 29.00 | 182.00 | 211.00 | OK | |
r-patched-linux-x86_64 | 2020.2-1 | 17.38 | 107.02 | 124.40 | OK | |
r-patched-solaris-x86 | 2020.2-1 | 193.10 | OK | |||
r-release-linux-x86_64 | 2020.2-1 | 16.88 | 107.96 | 124.84 | OK | |
r-release-macos-x86_64 | 2020.2-1 | OK | ||||
r-release-windows-ix86+x86_64 | 2020.2-1 | 24.00 | 190.00 | 214.00 | OK | |
r-oldrel-macos-x86_64 | 2020.2-1 | OK | ||||
r-oldrel-windows-ix86+x86_64 | 2020.2-1 | 24.00 | 176.00 | 200.00 | OK |
Version: 2020.2-1
Check: Rd cross-references
Result: NOTE
Undeclared package ‘EvalEst’ in Rd xrefs
Flavor: r-devel-linux-x86_64-fedora-clang
Version: 2020.2-1
Check: compiled code
Result: NOTE
File ‘dse/libs/dse.so’:
Found no calls to: ‘R_registerRoutines’, ‘R_useDynamicSymbols’
It is good practice to register native routines and to disable symbol
search.
See ‘Writing portable packages’ in the ‘Writing R Extensions’ manual.
Flavors: r-devel-linux-x86_64-fedora-clang, r-devel-linux-x86_64-fedora-gcc