Last updated on 2020-12-04 00:48:20 CET.
Flavor | Version | Tinstall | Tcheck | Ttotal | Status | Flags |
---|---|---|---|---|---|---|
r-devel-linux-x86_64-debian-clang | 0.74.18 | 8.49 | 103.85 | 112.34 | OK | |
r-devel-linux-x86_64-debian-gcc | 0.74.18 | 7.78 | 72.00 | 79.78 | OK | |
r-devel-linux-x86_64-fedora-clang | 0.74.18 | 139.55 | NOTE | |||
r-devel-linux-x86_64-fedora-gcc | 0.74.18 | 118.26 | NOTE | |||
r-devel-windows-ix86+x86_64 | 0.74.18 | 16.00 | 126.00 | 142.00 | OK | |
r-patched-linux-x86_64 | 0.74.18 | 7.63 | 92.01 | 99.64 | OK | |
r-patched-solaris-x86 | 0.74.18 | 189.20 | NOTE | |||
r-release-linux-x86_64 | 0.74.18 | 9.12 | 91.32 | 100.44 | OK | |
r-release-macos-x86_64 | 0.74.18 | NOTE | ||||
r-release-windows-ix86+x86_64 | 0.74.18 | 13.00 | 104.00 | 117.00 | OK | |
r-oldrel-macos-x86_64 | 0.74.18 | NOTE | ||||
r-oldrel-windows-ix86+x86_64 | 0.74.18 | 18.00 | 124.00 | 142.00 | OK |
Version: 0.74.18
Check: dependencies in R code
Result: NOTE
Namespaces in Imports field not imported from:
‘rJava’ ‘tools’ ‘xtable’
All declared Imports should be used.
Flavors: r-devel-linux-x86_64-fedora-clang, r-devel-linux-x86_64-fedora-gcc, r-patched-solaris-x86, r-release-macos-x86_64, r-oldrel-macos-x86_64