Last updated on 2020-12-04 00:48:20 CET.
Flavor | Version | Tinstall | Tcheck | Ttotal | Status | Flags |
---|---|---|---|---|---|---|
r-devel-linux-x86_64-debian-gcc | 0.1.1 | 3.65 | 30.99 | 34.64 | OK | |
r-devel-linux-x86_64-fedora-clang | 0.1.1 | 61.69 | NOTE | |||
r-devel-linux-x86_64-fedora-gcc | 0.1.1 | 48.26 | OK | |||
r-patched-linux-x86_64 | 0.1.1 | 5.13 | 36.71 | 41.84 | OK | |
r-patched-solaris-x86 | 0.1.1 | 64.70 | OK | |||
r-release-linux-x86_64 | 0.1.1 | 4.79 | 36.55 | 41.34 | OK | |
r-oldrel-macos-x86_64 | 0.1.1 | OK | ||||
r-oldrel-windows-ix86+x86_64 | 0.1.1 | 9.00 | 56.00 | 65.00 | OK |
Version: 0.1.1
Check: Rd cross-references
Result: NOTE
Undeclared package ‘SimMultiCorrData’ in Rd xrefs
Flavor: r-devel-linux-x86_64-fedora-clang