Last updated on 2020-12-04 00:48:20 CET.
Flavor | Version | Tinstall | Tcheck | Ttotal | Status | Flags |
---|---|---|---|---|---|---|
r-devel-linux-x86_64-debian-clang | 0.2.1 | 30.26 | 133.11 | 163.37 | OK | |
r-devel-linux-x86_64-debian-gcc | 0.2.1 | 17.05 | 97.47 | 114.52 | OK | |
r-devel-linux-x86_64-fedora-clang | 0.2.1 | 203.83 | NOTE | |||
r-devel-linux-x86_64-fedora-gcc | 0.2.1 | 179.69 | OK | |||
r-devel-windows-ix86+x86_64 | 0.2.1 | 62.00 | 229.00 | 291.00 | OK | |
r-patched-linux-x86_64 | 0.2.1 | 22.60 | 120.56 | 143.16 | OK | |
r-patched-solaris-x86 | 0.2.1 | 151.80 | OK | |||
r-release-linux-x86_64 | 0.2.1 | 21.04 | 121.78 | 142.82 | OK | |
r-release-macos-x86_64 | 0.2.1 | OK | ||||
r-release-windows-ix86+x86_64 | 0.2.1 | 58.00 | 175.00 | 233.00 | OK | |
r-oldrel-macos-x86_64 | 0.2.1 | OK | ||||
r-oldrel-windows-ix86+x86_64 | 0.2.1 | 52.00 | 212.00 | 264.00 | OK |
Version: 0.2.1
Check: Rd cross-references
Result: NOTE
Undeclared package ‘sitmo’ in Rd xrefs
Flavor: r-devel-linux-x86_64-fedora-clang