CRAN Package Check Results for Package dparser

Last updated on 2020-12-04 00:48:20 CET.

Flavor Version Tinstall Tcheck Ttotal Status Flags
r-devel-linux-x86_64-debian-clang 0.1.8 14.47 37.86 52.33 NOTE
r-devel-linux-x86_64-debian-gcc 0.1.8 10.30 30.01 40.31 NOTE
r-devel-linux-x86_64-fedora-clang 0.1.8 69.89 NOTE
r-devel-linux-x86_64-fedora-gcc 0.1.8 58.61 NOTE
r-devel-windows-ix86+x86_64 0.1.8 42.00 84.00 126.00 OK
r-patched-linux-x86_64 0.1.8 11.26 35.62 46.88 NOTE
r-patched-solaris-x86 0.1.8 71.50 NOTE
r-release-linux-x86_64 0.1.8 11.94 35.68 47.62 NOTE
r-release-macos-x86_64 0.1.8 OK
r-release-windows-ix86+x86_64 0.1.8 33.00 69.00 102.00 OK
r-oldrel-macos-x86_64 0.1.8 OK
r-oldrel-windows-ix86+x86_64 0.1.8 34.00 84.00 118.00 OK

Additional issues

clang-UBSAN gcc-UBSAN

Check Details

Version: 0.1.8
Check: for non-standard things in the check directory
Result: NOTE
    Found the following files/directories:
     'ansic_gram.c'
Flavors: r-devel-linux-x86_64-debian-clang, r-devel-linux-x86_64-debian-gcc, r-devel-linux-x86_64-fedora-clang, r-devel-linux-x86_64-fedora-gcc, r-patched-linux-x86_64, r-patched-solaris-x86, r-release-linux-x86_64