Last updated on 2020-12-04 00:48:20 CET.
Flavor | Version | Tinstall | Tcheck | Ttotal | Status | Flags |
---|---|---|---|---|---|---|
r-devel-linux-x86_64-debian-clang | 1.0 | 30.79 | 38.08 | 68.87 | OK | |
r-devel-linux-x86_64-debian-gcc | 1.0 | 20.61 | 32.41 | 53.02 | OK | |
r-devel-linux-x86_64-fedora-clang | 1.0 | 97.48 | NOTE | |||
r-devel-linux-x86_64-fedora-gcc | 1.0 | 82.52 | NOTE | |||
r-devel-windows-ix86+x86_64 | 1.0 | 75.00 | 90.00 | 165.00 | OK | |
r-patched-linux-x86_64 | 1.0 | 25.27 | 38.01 | 63.28 | OK | |
r-patched-solaris-x86 | 1.0 | 97.40 | NOTE | |||
r-release-linux-x86_64 | 1.0 | 25.44 | 36.08 | 61.52 | OK | |
r-release-macos-x86_64 | 1.0 | NOTE | ||||
r-release-windows-ix86+x86_64 | 1.0 | 57.00 | 75.00 | 132.00 | OK | |
r-oldrel-macos-x86_64 | 1.0 | NOTE | ||||
r-oldrel-windows-ix86+x86_64 | 1.0 | 54.00 | 80.00 | 134.00 | OK |
Version: 1.0
Check: dependencies in R code
Result: NOTE
Namespaces in Imports field not imported from:
‘dplyr’ ‘parallel’ ‘rgdal’ ‘sp’ ‘tensorflow’
All declared Imports should be used.
Flavors: r-devel-linux-x86_64-fedora-clang, r-devel-linux-x86_64-fedora-gcc, r-patched-solaris-x86, r-release-macos-x86_64, r-oldrel-macos-x86_64