Last updated on 2020-12-04 00:48:20 CET.
Flavor | Version | Tinstall | Tcheck | Ttotal | Status | Flags |
---|---|---|---|---|---|---|
r-devel-linux-x86_64-debian-clang | 0.1.0 | 1.93 | 22.38 | 24.31 | NOTE | |
r-devel-linux-x86_64-debian-gcc | 0.1.0 | 1.44 | 20.26 | 21.70 | NOTE | |
r-devel-linux-x86_64-fedora-clang | 0.1.0 | 36.18 | OK | |||
r-devel-linux-x86_64-fedora-gcc | 0.1.0 | 27.43 | OK | |||
r-devel-windows-ix86+x86_64 | 0.1.0 | 5.00 | 37.00 | 42.00 | NOTE | |
r-patched-linux-x86_64 | 0.1.0 | 1.79 | 22.41 | 24.20 | NOTE | |
r-patched-solaris-x86 | 0.1.0 | 42.20 | OK | |||
r-release-linux-x86_64 | 0.1.0 | 1.83 | 23.05 | 24.88 | NOTE | |
r-release-macos-x86_64 | 0.1.0 | OK | ||||
r-release-windows-ix86+x86_64 | 0.1.0 | 4.00 | 38.00 | 42.00 | NOTE | |
r-oldrel-macos-x86_64 | 0.1.0 | OK | ||||
r-oldrel-windows-ix86+x86_64 | 0.1.0 | 3.00 | 37.00 | 40.00 | OK |
Version: 0.1.0
Check: package vignettes
Result: NOTE
Package vignette with placeholder title 'Vignette Title':
'dotdot.Rmd'
Flavors: r-devel-linux-x86_64-debian-clang, r-devel-linux-x86_64-debian-gcc, r-devel-windows-ix86+x86_64, r-patched-linux-x86_64, r-release-linux-x86_64, r-release-windows-ix86+x86_64