CRAN Package Check Results for Package dostats

Last updated on 2020-12-04 00:48:20 CET.

Flavor Version Tinstall Tcheck Ttotal Status Flags
r-devel-linux-x86_64-debian-clang 1.3.2 2.06 25.37 27.43 NOTE
r-devel-linux-x86_64-debian-gcc 1.3.2 1.76 20.17 21.93 NOTE
r-devel-linux-x86_64-fedora-clang 1.3.2 38.96 NOTE
r-devel-linux-x86_64-fedora-gcc 1.3.2 29.61 NOTE
r-devel-windows-ix86+x86_64 1.3.2 5.00 39.00 44.00 NOTE
r-patched-linux-x86_64 1.3.2 2.16 25.62 27.78 NOTE
r-patched-solaris-x86 1.3.2 45.70 NOTE
r-release-linux-x86_64 1.3.2 2.12 24.07 26.19 NOTE
r-release-macos-x86_64 1.3.2 NOTE
r-release-windows-ix86+x86_64 1.3.2 4.00 30.00 34.00 NOTE
r-oldrel-macos-x86_64 1.3.2 NOTE
r-oldrel-windows-ix86+x86_64 1.3.2 3.00 37.00 40.00 NOTE

Check Details

Version: 1.3.2
Check: R code for possible problems
Result: NOTE
    dostats: no visible binding for global variable 'na.fail'
    first: no visible global function definition for 'head'
    last: no visible global function definition for 'tail'
    pval.default: no visible global function definition for '.hasSlot'
    pval.lm: no visible global function definition for 'anova'
    Undefined global functions or variables:
     .hasSlot anova head na.fail tail
    Consider adding
     importFrom("methods", ".hasSlot")
     importFrom("stats", "anova", "na.fail")
     importFrom("utils", "head", "tail")
    to your NAMESPACE file (and ensure that your DESCRIPTION Imports field
    contains 'methods').
Flavors: r-devel-linux-x86_64-debian-clang, r-devel-linux-x86_64-debian-gcc, r-devel-linux-x86_64-fedora-clang, r-devel-linux-x86_64-fedora-gcc, r-devel-windows-ix86+x86_64, r-patched-linux-x86_64, r-patched-solaris-x86, r-release-linux-x86_64, r-release-macos-x86_64, r-release-windows-ix86+x86_64, r-oldrel-macos-x86_64, r-oldrel-windows-ix86+x86_64