Last updated on 2020-12-04 00:48:20 CET.
Flavor | Version | Tinstall | Tcheck | Ttotal | Status | Flags |
---|---|---|---|---|---|---|
r-devel-linux-x86_64-debian-clang | 0.2.7 | 162.73 | 278.94 | 441.67 | NOTE | |
r-devel-linux-x86_64-debian-gcc | 0.2.7 | 111.89 | 214.39 | 326.28 | NOTE | |
r-devel-linux-x86_64-fedora-clang | 0.2.7 | 594.77 | NOTE | |||
r-devel-linux-x86_64-fedora-gcc | 0.2.7 | 550.48 | NOTE | |||
r-devel-windows-ix86+x86_64 | 0.2.7 | 360.00 | 449.00 | 809.00 | NOTE | |
r-patched-linux-x86_64 | 0.2.7 | 130.94 | 277.00 | 407.94 | NOTE | |
r-patched-solaris-x86 | 0.2.7 | 646.60 | NOTE | |||
r-release-linux-x86_64 | 0.2.7 | 131.05 | 272.95 | 404.00 | NOTE | |
r-release-macos-x86_64 | 0.2.7 | NOTE | ||||
r-release-windows-ix86+x86_64 | 0.2.7 | 281.00 | 343.00 | 624.00 | NOTE | |
r-oldrel-macos-x86_64 | 0.2.7 | NOTE | ||||
r-oldrel-windows-ix86+x86_64 | 0.2.7 | 284.00 | 434.00 | 718.00 | NOTE |
Version: 0.2.7
Check: for GNU extensions in Makefiles
Result: NOTE
GNU make is a SystemRequirements.
Flavors: r-devel-linux-x86_64-debian-clang, r-devel-linux-x86_64-debian-gcc, r-devel-linux-x86_64-fedora-clang, r-devel-linux-x86_64-fedora-gcc, r-devel-windows-ix86+x86_64, r-patched-linux-x86_64, r-patched-solaris-x86, r-release-linux-x86_64, r-release-macos-x86_64, r-release-windows-ix86+x86_64, r-oldrel-macos-x86_64, r-oldrel-windows-ix86+x86_64
Version: 0.2.7
Check: installed package size
Result: NOTE
installed size is 18.5Mb
sub-directories of 1Mb or more:
doc 5.2Mb
libs 12.8Mb
Flavors: r-devel-linux-x86_64-fedora-clang, r-devel-windows-ix86+x86_64, r-patched-solaris-x86, r-release-macos-x86_64, r-release-windows-ix86+x86_64, r-oldrel-macos-x86_64, r-oldrel-windows-ix86+x86_64
Version: 0.2.7
Check: dependencies in R code
Result: NOTE
Namespace in Imports field not imported from: ‘RcppThread’
All declared Imports should be used.
Flavors: r-devel-linux-x86_64-fedora-clang, r-devel-linux-x86_64-fedora-gcc, r-patched-solaris-x86, r-release-macos-x86_64, r-oldrel-macos-x86_64