CRAN Package Check Results for Package doMPI

Last updated on 2020-12-04 00:48:20 CET.

Flavor Version Tinstall Tcheck Ttotal Status Flags
r-devel-linux-x86_64-debian-clang 0.2.2 4.57 34.71 39.28 OK
r-devel-linux-x86_64-debian-gcc 0.2.2 3.50 27.88 31.38 OK
r-devel-linux-x86_64-fedora-clang 0.2.2 52.83 OK
r-devel-linux-x86_64-fedora-gcc 0.2.2 42.50 OK
r-devel-windows-ix86+x86_64 0.2.2 6.00 49.00 55.00 OK
r-patched-linux-x86_64 0.2.2 4.17 33.38 37.55 OK
r-patched-solaris-x86 0.2.2 58.40 OK
r-release-linux-x86_64 0.2.2 3.83 33.96 37.79 OK
r-release-macos-x86_64 0.2.2 ERROR
r-release-windows-ix86+x86_64 0.2.2 6.00 50.00 56.00 OK
r-oldrel-macos-x86_64 0.2.2 ERROR
r-oldrel-windows-ix86+x86_64 0.2.2 4.00 48.00 52.00 OK

Check Details

Version: 0.2.2
Check: package dependencies
Result: ERROR
    Package required but not available: ‘Rmpi’
    
    See section ‘The DESCRIPTION file’ in the ‘Writing R Extensions’
    manual.
Flavors: r-release-macos-x86_64, r-oldrel-macos-x86_64