Last updated on 2020-12-04 00:48:20 CET.
Flavor | Version | Tinstall | Tcheck | Ttotal | Status | Flags |
---|---|---|---|---|---|---|
r-devel-linux-x86_64-debian-clang | 2.1-2 | 8.69 | 38.00 | 46.69 | OK | |
r-devel-linux-x86_64-debian-gcc | 2.1-2 | 5.60 | 29.28 | 34.88 | OK | |
r-devel-linux-x86_64-fedora-clang | 2.1-2 | 62.13 | OK | |||
r-devel-linux-x86_64-fedora-gcc | 2.1-2 | 51.50 | OK | |||
r-devel-windows-ix86+x86_64 | 2.1-2 | 28.00 | 71.00 | 99.00 | OK | |
r-patched-linux-x86_64 | 2.1-2 | 6.61 | 35.14 | 41.75 | OK | |
r-patched-solaris-x86 | 2.1-2 | 73.40 | OK | |||
r-release-linux-x86_64 | 2.1-2 | 7.46 | 35.35 | 42.81 | OK | |
r-release-macos-x86_64 | 2.1-2 | OK | ||||
r-release-windows-ix86+x86_64 | 2.1-2 | 22.00 | 70.00 | 92.00 | OK | |
r-oldrel-macos-x86_64 | 2.1-2 | ERROR |
Version: 2.1-2
Check: whether package can be installed
Result: ERROR
Installation failed.
Flavor: r-oldrel-macos-x86_64