CRAN Package Check Results for Package dlib

Last updated on 2020-12-04 00:48:20 CET.

Flavor Version Tinstall Tcheck Ttotal Status Flags
r-devel-linux-x86_64-debian-clang 1.0.3.1 12.52 30.25 42.77 OK
r-devel-linux-x86_64-debian-gcc 1.0.3.1 8.13 23.78 31.91 OK
r-devel-linux-x86_64-fedora-clang 1.0.3.1 57.76 NOTE
r-devel-linux-x86_64-fedora-gcc 1.0.3.1 44.67 OK
r-devel-windows-ix86+x86_64 1.0.3.1 33.00 71.00 104.00 NOTE
r-patched-linux-x86_64 1.0.3.1 9.16 29.05 38.21 OK
r-patched-solaris-x86 1.0.3.1 76.20 NOTE
r-release-linux-x86_64 1.0.3.1 10.16 30.05 40.21 OK
r-release-macos-x86_64 1.0.3.1 NOTE
r-release-windows-ix86+x86_64 1.0.3.1 24.00 66.00 90.00 NOTE
r-oldrel-macos-x86_64 1.0.3.1 NOTE
r-oldrel-windows-ix86+x86_64 1.0.3.1 25.00 62.00 87.00 NOTE

Check Details

Version: 1.0.3.1
Check: installed package size
Result: NOTE
     installed size is 16.6Mb
     sub-directories of 1Mb or more:
     include 16.3Mb
Flavors: r-devel-linux-x86_64-fedora-clang, r-devel-windows-ix86+x86_64, r-patched-solaris-x86, r-release-macos-x86_64, r-release-windows-ix86+x86_64, r-oldrel-macos-x86_64, r-oldrel-windows-ix86+x86_64