CRAN Package Check Results for Package dixon

Last updated on 2020-12-04 00:48:20 CET.

Flavor Version Tinstall Tcheck Ttotal Status Flags
r-devel-linux-x86_64-debian-clang 0.0-6 10.67 80.91 91.58 OK
r-devel-linux-x86_64-debian-gcc 0.0-6 8.61 64.12 72.73 OK
r-devel-linux-x86_64-fedora-clang 0.0-6 114.25 NOTE
r-devel-linux-x86_64-fedora-gcc 0.0-6 105.77 OK
r-devel-windows-ix86+x86_64 0.0-6 23.00 129.00 152.00 OK
r-patched-linux-x86_64 0.0-6 8.93 74.75 83.68 OK
r-patched-solaris-x86 0.0-6 163.00 OK
r-release-linux-x86_64 0.0-6 11.72 73.92 85.64 OK
r-release-macos-x86_64 0.0-6 OK
r-release-windows-ix86+x86_64 0.0-6 21.00 131.00 152.00 OK
r-oldrel-macos-x86_64 0.0-6 OK
r-oldrel-windows-ix86+x86_64 0.0-6 18.00 117.00 135.00 OK

Check Details

Version: 0.0-6
Check: Rd cross-references
Result: NOTE
    Undeclared package ‘ecespa’ in Rd xrefs
Flavor: r-devel-linux-x86_64-fedora-clang