CRAN Package Check Results for Package distrTEst

Last updated on 2020-12-04 00:48:20 CET.

Flavor Version Tinstall Tcheck Ttotal Status Flags
r-devel-linux-x86_64-debian-clang 2.8.0 19.30 58.66 77.96 NOTE
r-devel-linux-x86_64-debian-gcc 2.8.0 17.87 45.10 62.97 NOTE
r-devel-linux-x86_64-fedora-clang 2.8.0 100.86 NOTE
r-devel-linux-x86_64-fedora-gcc 2.8.0 92.47 NOTE
r-devel-windows-ix86+x86_64 2.8.0 34.00 77.00 111.00 OK
r-patched-linux-x86_64 2.8.0 20.47 54.21 74.68 NOTE
r-patched-solaris-x86 2.8.0 126.60 NOTE
r-release-linux-x86_64 2.8.0 17.89 54.73 72.62 NOTE
r-release-macos-x86_64 2.8.0 OK
r-release-windows-ix86+x86_64 2.8.0 28.00 79.00 107.00 OK
r-oldrel-macos-x86_64 2.8.0 OK
r-oldrel-windows-ix86+x86_64 2.8.0 24.00 80.00 104.00 OK

Check Details

Version: 2.8.0
Check: for non-standard things in the check directory
Result: NOTE
    Found the following files/directories:
     'csim.mean' 'csim.mean.comment'
Flavors: r-devel-linux-x86_64-debian-clang, r-devel-linux-x86_64-debian-gcc, r-devel-linux-x86_64-fedora-clang, r-devel-linux-x86_64-fedora-gcc, r-patched-linux-x86_64, r-patched-solaris-x86, r-release-linux-x86_64

Version: 2.8.0
Check: Rd cross-references
Result: NOTE
    Undeclared package ‘distr’ in Rd xrefs
Flavor: r-devel-linux-x86_64-fedora-clang