CRAN Package Check Results for Package distrSim

Last updated on 2020-12-04 00:48:20 CET.

Flavor Version Tinstall Tcheck Ttotal Status Flags
r-devel-linux-x86_64-debian-clang 2.8.0 21.04 56.68 77.72 NOTE
r-devel-linux-x86_64-debian-gcc 2.8.0 15.02 46.03 61.05 NOTE
r-devel-linux-x86_64-fedora-clang 2.8.0 99.34 NOTE
r-devel-linux-x86_64-fedora-gcc 2.8.0 91.09 NOTE
r-devel-windows-ix86+x86_64 2.8.0 35.00 77.00 112.00 OK
r-patched-linux-x86_64 2.8.0 19.37 54.91 74.28 NOTE
r-patched-solaris-x86 2.8.0 121.50 NOTE
r-release-linux-x86_64 2.8.0 22.93 52.82 75.75 NOTE
r-release-macos-x86_64 2.8.0 OK
r-release-windows-ix86+x86_64 2.8.0 27.00 75.00 102.00 OK
r-oldrel-macos-x86_64 2.8.0 OK
r-oldrel-windows-ix86+x86_64 2.8.0 26.00 72.00 98.00 OK

Check Details

Version: 2.8.0
Check: for non-standard things in the check directory
Result: NOTE
    Found the following files/directories:
     'csim' 'xyz' 'xyz.sav' 'xyz.sav.comment'
Flavors: r-devel-linux-x86_64-debian-clang, r-devel-linux-x86_64-debian-gcc, r-devel-linux-x86_64-fedora-clang, r-devel-linux-x86_64-fedora-gcc, r-patched-linux-x86_64, r-patched-solaris-x86, r-release-linux-x86_64

Version: 2.8.0
Check: Rd cross-references
Result: NOTE
    Undeclared package ‘distrTEst’ in Rd xrefs
Flavor: r-devel-linux-x86_64-fedora-clang