Last updated on 2020-12-04 00:48:20 CET.
Flavor | Version | Tinstall | Tcheck | Ttotal | Status | Flags |
---|---|---|---|---|---|---|
r-devel-linux-x86_64-debian-clang | 2.8.4 | 47.73 | 190.92 | 238.65 | OK | |
r-devel-linux-x86_64-debian-gcc | 2.8.4 | 39.68 | 146.02 | 185.70 | OK | |
r-devel-linux-x86_64-fedora-clang | 2.8.4 | 292.69 | NOTE | |||
r-devel-linux-x86_64-fedora-gcc | 2.8.4 | 289.31 | OK | |||
r-devel-windows-ix86+x86_64 | 2.8.4 | 77.00 | 251.00 | 328.00 | OK | |
r-patched-linux-x86_64 | 2.8.4 | 44.62 | 183.63 | 228.25 | OK | |
r-patched-solaris-x86 | 2.8.4 | 354.90 | OK | |||
r-release-linux-x86_64 | 2.8.4 | 42.66 | 182.63 | 225.29 | OK | |
r-release-macos-x86_64 | 2.8.4 | OK | ||||
r-release-windows-ix86+x86_64 | 2.8.4 | 55.00 | 251.00 | 306.00 | OK | |
r-oldrel-macos-x86_64 | 2.8.4 | OK | ||||
r-oldrel-windows-ix86+x86_64 | 2.8.4 | 49.00 | 235.00 | 284.00 | OK |
Version: 2.8.4
Check: Rd cross-references
Result: NOTE
Undeclared package ‘RobAStBase’ in Rd xrefs
Flavor: r-devel-linux-x86_64-fedora-clang