Last updated on 2020-12-04 00:48:20 CET.
Flavor | Version | Tinstall | Tcheck | Ttotal | Status | Flags |
---|---|---|---|---|---|---|
r-devel-linux-x86_64-debian-clang | 2.8.0 | 9.78 | 145.02 | 154.80 | OK | |
r-devel-linux-x86_64-debian-gcc | 2.8.0 | 8.36 | 110.14 | 118.50 | OK | |
r-devel-linux-x86_64-fedora-clang | 2.8.0 | 189.12 | OK | |||
r-devel-linux-x86_64-fedora-gcc | 2.8.0 | 180.67 | OK | |||
r-devel-windows-ix86+x86_64 | 2.8.0 | 22.00 | 175.00 | 197.00 | OK | |
r-patched-linux-x86_64 | 2.8.0 | 9.73 | 139.84 | 149.57 | OK | |
r-patched-solaris-x86 | 2.8.0 | 245.90 | OK | |||
r-release-linux-x86_64 | 2.8.0 | 9.24 | 137.96 | 147.20 | OK | |
r-release-macos-x86_64 | 2.8.0 | OK | ||||
r-release-windows-ix86+x86_64 | 2.8.0 | 18.00 | 174.00 | 192.00 | OK | |
r-oldrel-macos-x86_64 | 2.8.0 | NOTE | ||||
r-oldrel-windows-ix86+x86_64 | 2.8.0 | 16.00 | 163.00 | 179.00 | OK |
Version: 2.8.0
Check: package dependencies
Result: NOTE
Package suggested but not available for checking: ‘Biobase’
Flavor: r-oldrel-macos-x86_64