Last updated on 2020-12-04 00:48:20 CET.
Flavor | Version | Tinstall | Tcheck | Ttotal | Status | Flags |
---|---|---|---|---|---|---|
r-devel-linux-x86_64-debian-clang | 0.2.0 | 3.58 | 40.17 | 43.75 | OK | |
r-devel-linux-x86_64-debian-gcc | 0.2.0 | 3.27 | 33.09 | 36.36 | OK | |
r-devel-linux-x86_64-fedora-clang | 0.2.0 | 56.58 | NOTE | |||
r-devel-linux-x86_64-fedora-gcc | 0.2.0 | 48.14 | NOTE | |||
r-devel-windows-ix86+x86_64 | 0.2.0 | 8.00 | 65.00 | 73.00 | OK | |
r-patched-linux-x86_64 | 0.2.0 | 3.57 | 39.56 | 43.13 | OK | |
r-patched-solaris-x86 | 0.2.0 | 63.40 | NOTE | |||
r-release-linux-x86_64 | 0.2.0 | 2.78 | 38.32 | 41.10 | OK | |
r-release-macos-x86_64 | 0.2.0 | NOTE | ||||
r-release-windows-ix86+x86_64 | 0.2.0 | 8.00 | 50.00 | 58.00 | OK | |
r-oldrel-macos-x86_64 | 0.2.0 | NOTE | ||||
r-oldrel-windows-ix86+x86_64 | 0.2.0 | 5.00 | 64.00 | 69.00 | OK |
Version: 0.2.0
Check: dependencies in R code
Result: NOTE
Namespaces in Imports field not imported from:
‘dplyr’ ‘proxy’
All declared Imports should be used.
Flavors: r-devel-linux-x86_64-fedora-clang, r-devel-linux-x86_64-fedora-gcc, r-patched-solaris-x86, r-release-macos-x86_64, r-oldrel-macos-x86_64