Last updated on 2020-12-04 00:48:20 CET.
Flavor | Version | Tinstall | Tcheck | Ttotal | Status | Flags |
---|---|---|---|---|---|---|
r-devel-linux-x86_64-debian-clang | 1.0 | 7.57 | 48.01 | 55.58 | OK | |
r-devel-linux-x86_64-debian-gcc | 1.1 | 5.81 | 39.43 | 45.24 | OK | |
r-devel-linux-x86_64-fedora-clang | 1.1 | 53.23 | OK | |||
r-devel-linux-x86_64-fedora-gcc | 1.1 | 36.04 | OK | |||
r-devel-windows-ix86+x86_64 | 1.0 | 12.00 | 56.00 | 68.00 | OK | |
r-patched-linux-x86_64 | 1.1 | 7.90 | 47.51 | 55.41 | OK | |
r-patched-solaris-x86 | 1.1 | 77.70 | OK | |||
r-release-linux-x86_64 | 1.0 | 5.95 | 47.15 | 53.10 | OK | |
r-release-macos-x86_64 | 1.0 | ERROR | ||||
r-release-windows-ix86+x86_64 | 1.0 | 10.00 | 41.00 | 51.00 | OK | |
r-oldrel-macos-x86_64 | 1.1 | ERROR | ||||
r-oldrel-windows-ix86+x86_64 | 1.0 | 9.00 | 54.00 | 63.00 | OK |
Version: 1.0
Check: package dependencies
Result: ERROR
Package required and available but unsuitable version: ‘rmarkdown’
See section ‘The DESCRIPTION file’ in the ‘Writing R Extensions’
manual.
Flavor: r-release-macos-x86_64
Version: 1.1
Check: package dependencies
Result: ERROR
Package required and available but unsuitable version: ‘rmarkdown’
See section ‘The DESCRIPTION file’ in the ‘Writing R Extensions’
manual.
Flavor: r-oldrel-macos-x86_64