CRAN Package Check Results for Package dismo

Last updated on 2020-12-04 00:48:20 CET.

Flavor Version Tinstall Tcheck Ttotal Status Flags
r-devel-linux-x86_64-debian-clang 1.3-3 36.35 147.01 183.36 OK --no-vignettes
r-devel-linux-x86_64-debian-gcc 1.3-3 27.69 111.56 139.25 OK --no-vignettes
r-devel-linux-x86_64-fedora-clang 1.3-3 252.35 NOTE
r-devel-linux-x86_64-fedora-gcc 1.3-3 233.38 NOTE
r-devel-windows-ix86+x86_64 1.3-3 78.00 172.00 250.00 OK --no-vignettes
r-patched-linux-x86_64 1.3-3 27.49 141.48 168.97 OK --no-vignettes
r-patched-solaris-x86 1.3-3 274.90 NOTE
r-release-linux-x86_64 1.3-3 33.65 139.18 172.83 OK --no-vignettes
r-release-macos-x86_64 1.3-3 NOTE
r-release-windows-ix86+x86_64 1.3-3 57.00 280.00 337.00 OK --no-vignettes
r-oldrel-macos-x86_64 1.3-3 WARN
r-oldrel-windows-ix86+x86_64 1.3-3 53.00 238.00 291.00 WARN --no-vignettes

Check Details

Version: 1.3-3
Check: data for non-ASCII characters
Result: NOTE
     Note: found 106 marked UTF-8 strings
Flavors: r-devel-linux-x86_64-fedora-clang, r-devel-linux-x86_64-fedora-gcc, r-patched-solaris-x86, r-release-macos-x86_64, r-oldrel-macos-x86_64

Version: 1.3-3
Check: Rd cross-references
Result: WARN
    Missing link or links in documentation object 'plot.Rd':
     ‘[base]{plot}’
    
    Missing link or links in documentation object 'plotEval.Rd':
     ‘[base]{plot}’
    
    See section 'Cross-references' in the 'Writing R Extensions' manual.
Flavor: r-oldrel-macos-x86_64

Version: 1.3-3
Flags: --no-vignettes
Check: Rd cross-references
Result: WARN
    Missing link or links in documentation object 'plot.Rd':
     '[base]{plot}'
    
    Missing link or links in documentation object 'plotEval.Rd':
     '[base]{plot}'
    
    See section 'Cross-references' in the 'Writing R Extensions' manual.
Flavor: r-oldrel-windows-ix86+x86_64