CRAN Package Check Results for Package discretecdAlgorithm

Last updated on 2020-12-04 00:48:20 CET.

Flavor Version Tinstall Tcheck Ttotal Status Flags
r-devel-linux-x86_64-debian-clang 0.0.7 75.11 41.47 116.58 OK
r-devel-linux-x86_64-debian-gcc 0.0.7 49.34 34.57 83.91 OK
r-devel-linux-x86_64-fedora-clang 0.0.7 177.01 NOTE
r-devel-linux-x86_64-fedora-gcc 0.0.7 134.82 OK
r-devel-windows-ix86+x86_64 0.0.7 137.00 96.00 233.00 OK
r-patched-linux-x86_64 0.0.7 53.90 40.99 94.89 OK
r-patched-solaris-x86 0.0.7 129.00 OK
r-release-linux-x86_64 0.0.7 56.80 41.52 98.32 OK
r-release-macos-x86_64 0.0.7 NOTE
r-release-windows-ix86+x86_64 0.0.7 102.00 75.00 177.00 OK
r-oldrel-macos-x86_64 0.0.7 NOTE
r-oldrel-windows-ix86+x86_64 0.0.7 97.00 90.00 187.00 OK

Check Details

Version: 0.0.7
Check: installed package size
Result: NOTE
     installed size is 10.2Mb
     sub-directories of 1Mb or more:
     libs 10.0Mb
Flavors: r-devel-linux-x86_64-fedora-clang, r-release-macos-x86_64, r-oldrel-macos-x86_64