CRAN Package Check Results for Package disaggregation

Last updated on 2020-12-04 00:48:20 CET.

Flavor Version Tinstall Tcheck Ttotal Status Flags
r-devel-linux-x86_64-debian-clang 0.1.3 99.87 98.36 198.23 NOTE
r-devel-linux-x86_64-debian-gcc 0.1.3 74.90 73.59 148.49 NOTE
r-devel-linux-x86_64-fedora-clang 0.1.3 512.10 NOTE
r-devel-linux-x86_64-fedora-gcc 0.1.3 505.43 NOTE
r-devel-windows-ix86+x86_64 0.1.3 167.00 240.00 407.00 NOTE
r-patched-linux-x86_64 0.1.3 81.72 96.49 178.21 NOTE
r-patched-solaris-x86 0.1.3 332.50 NOTE
r-release-linux-x86_64 0.1.3 85.52 96.62 182.14 NOTE
r-release-macos-x86_64 0.1.3 NOTE
r-release-windows-ix86+x86_64 0.1.3 130.00 191.00 321.00 NOTE
r-oldrel-macos-x86_64 0.1.3 NOTE
r-oldrel-windows-ix86+x86_64 0.1.3 146.00 467.00 613.00 NOTE

Check Details

Version: 0.1.3
Check: package dependencies
Result: NOTE
    Package suggested but not available for checking: 'INLA'
Flavors: r-devel-linux-x86_64-debian-clang, r-devel-linux-x86_64-debian-gcc, r-patched-linux-x86_64, r-patched-solaris-x86, r-release-linux-x86_64, r-release-macos-x86_64, r-oldrel-macos-x86_64

Version: 0.1.3
Check: installed package size
Result: NOTE
     installed size is 21.3Mb
     sub-directories of 1Mb or more:
     libs 20.9Mb
Flavors: r-devel-linux-x86_64-fedora-clang, r-devel-windows-ix86+x86_64, r-release-macos-x86_64, r-release-windows-ix86+x86_64, r-oldrel-macos-x86_64, r-oldrel-windows-ix86+x86_64

Version: 0.1.3
Check: dependencies in R code
Result: NOTE
    Namespaces in Imports field not imported from:
     ‘rgdal’ ‘rgeos’ ‘splancs’ ‘utils’
     All declared Imports should be used.
Flavors: r-devel-linux-x86_64-fedora-clang, r-devel-linux-x86_64-fedora-gcc, r-patched-solaris-x86, r-release-macos-x86_64, r-oldrel-macos-x86_64