Last updated on 2020-12-04 00:48:20 CET.
Flavor | Version | Tinstall | Tcheck | Ttotal | Status | Flags |
---|---|---|---|---|---|---|
r-devel-linux-x86_64-debian-clang | 0.1.1 | 75.06 | 75.62 | 150.68 | OK | |
r-devel-linux-x86_64-debian-gcc | 0.1.1 | 44.44 | 59.78 | 104.22 | OK | |
r-devel-linux-x86_64-fedora-clang | 0.1.1 | 205.43 | OK | |||
r-devel-linux-x86_64-fedora-gcc | 0.1.1 | 179.92 | OK | |||
r-devel-windows-ix86+x86_64 | 0.1.1 | 178.00 | 145.00 | 323.00 | OK | |
r-patched-linux-x86_64 | 0.1.1 | 56.62 | 72.58 | 129.20 | OK | |
r-patched-solaris-x86 | 0.1.1 | 198.20 | NOTE | |||
r-release-linux-x86_64 | 0.1.1 | 56.54 | 72.03 | 128.57 | OK | |
r-release-macos-x86_64 | 0.1.1 | OK | ||||
r-release-windows-ix86+x86_64 | 0.1.1 | 139.00 | 112.00 | 251.00 | OK | |
r-oldrel-macos-x86_64 | 0.1.1 | OK | ||||
r-oldrel-windows-ix86+x86_64 | 0.1.1 | 138.00 | 146.00 | 284.00 | OK |
Version: 0.1.1
Check: package dependencies
Result: NOTE
Package suggested but not available for checking: ‘RcppRedis’
Flavor: r-patched-solaris-x86