CRAN Package Check Results for Package dialrjars

Last updated on 2020-12-04 00:48:20 CET.

Flavor Version Tinstall Tcheck Ttotal Status Flags
r-devel-linux-x86_64-debian-clang 8.12.6 3.52 30.11 33.63 OK
r-devel-linux-x86_64-debian-gcc 8.12.6 2.51 23.89 26.40 OK
r-devel-linux-x86_64-fedora-clang 8.12.6 48.04 OK
r-devel-linux-x86_64-fedora-gcc 8.12.6 38.23 OK
r-devel-windows-ix86+x86_64 8.12.6 8.00 47.00 55.00 OK
r-patched-linux-x86_64 8.12.6 3.64 31.36 35.00 OK
r-patched-solaris-x86 8.12.6 60.20 OK
r-release-linux-x86_64 8.12.6 3.09 30.85 33.94 OK
r-release-macos-x86_64 8.12.6 OK
r-release-windows-ix86+x86_64 8.12.6 6.00 37.00 43.00 OK
r-oldrel-macos-x86_64 8.12.6 OK
r-oldrel-windows-ix86+x86_64 8.12.6 3.00 6.00 9.00 ERROR

Check Details

Version: 8.12.6
Check: whether package can be installed
Result: ERROR
    Installation failed.
Flavor: r-oldrel-windows-ix86+x86_64