Last updated on 2020-12-04 00:48:20 CET.
Flavor | Version | Tinstall | Tcheck | Ttotal | Status | Flags |
---|---|---|---|---|---|---|
r-devel-linux-x86_64-debian-clang | 0.3.2 | 5.59 | 69.55 | 75.14 | OK | |
r-devel-linux-x86_64-debian-gcc | 0.3.2 | 4.65 | 56.72 | 61.37 | OK | |
r-devel-linux-x86_64-fedora-clang | 0.3.2 | 95.40 | OK | |||
r-devel-linux-x86_64-fedora-gcc | 0.3.2 | 86.15 | OK | |||
r-devel-windows-ix86+x86_64 | 0.3.2 | 11.00 | 83.00 | 94.00 | OK | |
r-patched-linux-x86_64 | 0.3.2 | 5.28 | 68.35 | 73.63 | OK | |
r-patched-solaris-x86 | 0.3.2 | 101.90 | OK | |||
r-release-linux-x86_64 | 0.3.2 | 5.48 | 69.43 | 74.91 | OK | |
r-release-macos-x86_64 | 0.3.2 | OK | ||||
r-release-windows-ix86+x86_64 | 0.3.2 | 9.00 | 64.00 | 73.00 | OK | |
r-oldrel-macos-x86_64 | 0.3.2 | OK | ||||
r-oldrel-windows-ix86+x86_64 | 0.3.2 | 4.00 | 6.00 | 10.00 | ERROR |
Version: 0.3.2
Check: whether package can be installed
Result: ERROR
Installation failed.
Flavor: r-oldrel-windows-ix86+x86_64