Last updated on 2020-12-04 00:48:20 CET.
Flavor | Version | Tinstall | Tcheck | Ttotal | Status | Flags |
---|---|---|---|---|---|---|
r-devel-linux-x86_64-debian-clang | 0.2.0 | 6.67 | 73.78 | 80.45 | OK | |
r-devel-linux-x86_64-debian-gcc | 0.2.0 | 5.81 | 56.24 | 62.05 | OK | |
r-devel-linux-x86_64-fedora-clang | 0.2.0 | 101.81 | NOTE | |||
r-devel-linux-x86_64-fedora-gcc | 0.2.0 | 90.81 | NOTE | |||
r-devel-windows-ix86+x86_64 | 0.2.0 | 13.00 | 97.00 | 110.00 | OK | |
r-patched-linux-x86_64 | 0.2.0 | 5.42 | 71.80 | 77.22 | OK | |
r-patched-solaris-x86 | 0.2.0 | 131.00 | NOTE | |||
r-release-linux-x86_64 | 0.2.0 | 4.46 | 72.38 | 76.84 | OK | |
r-release-macos-x86_64 | 0.2.0 | NOTE | ||||
r-release-windows-ix86+x86_64 | 0.2.0 | 10.00 | 78.00 | 88.00 | OK | |
r-oldrel-macos-x86_64 | 0.2.0 | NOTE | ||||
r-oldrel-windows-ix86+x86_64 | 0.2.0 | 14.00 | 94.00 | 108.00 | OK |
Version: 0.2.0
Check: dependencies in R code
Result: NOTE
Namespaces in Imports field not imported from:
‘MASS’ ‘plyr’
All declared Imports should be used.
Flavors: r-devel-linux-x86_64-fedora-clang, r-devel-linux-x86_64-fedora-gcc, r-patched-solaris-x86, r-release-macos-x86_64, r-oldrel-macos-x86_64