CRAN Package Check Results for Package detectRUNS

Last updated on 2020-12-04 00:48:20 CET.

Flavor Version Tinstall Tcheck Ttotal Status Flags
r-devel-linux-x86_64-debian-clang 0.9.6 33.26 82.88 116.14 OK
r-devel-linux-x86_64-debian-gcc 0.9.6 23.01 64.85 87.86 OK
r-devel-linux-x86_64-fedora-clang 0.9.6 152.13 NOTE
r-devel-linux-x86_64-fedora-gcc 0.9.6 137.20 OK
r-devel-windows-ix86+x86_64 0.9.6 73.00 158.00 231.00 NOTE
r-patched-linux-x86_64 0.9.6 28.23 80.38 108.61 OK
r-patched-solaris-x86 0.9.6 166.90 OK
r-release-linux-x86_64 0.9.6 26.96 78.15 105.11 OK
r-release-macos-x86_64 0.9.6 NOTE
r-release-windows-ix86+x86_64 0.9.6 59.00 117.00 176.00 NOTE
r-oldrel-macos-x86_64 0.9.6 NOTE
r-oldrel-windows-ix86+x86_64 0.9.6 59.00 154.00 213.00 OK

Check Details

Version: 0.9.6
Check: installed package size
Result: NOTE
     installed size is 5.4Mb
     sub-directories of 1Mb or more:
     extdata 2.1Mb
     libs 2.5Mb
Flavors: r-devel-linux-x86_64-fedora-clang, r-devel-windows-ix86+x86_64, r-release-macos-x86_64, r-release-windows-ix86+x86_64, r-oldrel-macos-x86_64