Last updated on 2020-12-04 00:48:20 CET.
Flavor | Version | Tinstall | Tcheck | Ttotal | Status | Flags |
---|---|---|---|---|---|---|
r-devel-linux-x86_64-debian-clang | 0.9.16 | 11.06 | 43.87 | 54.93 | NOTE | |
r-devel-linux-x86_64-debian-gcc | 0.9.16 | 7.26 | 32.50 | 39.76 | NOTE | |
r-devel-linux-x86_64-fedora-clang | 0.9.16 | 72.03 | NOTE | |||
r-devel-linux-x86_64-fedora-gcc | 0.9.16 | 60.09 | NOTE | |||
r-devel-windows-ix86+x86_64 | 0.9.16 | 28.00 | 70.00 | 98.00 | NOTE | |
r-patched-linux-x86_64 | 0.9.16 | 8.60 | 40.62 | 49.22 | NOTE | |
r-patched-solaris-x86 | 0.9.16 | 85.10 | NOTE | |||
r-release-linux-x86_64 | 0.9.16 | 8.58 | 41.37 | 49.95 | NOTE | |
r-release-macos-x86_64 | 0.9.16 | NOTE | ||||
r-release-windows-ix86+x86_64 | 0.9.16 | 22.00 | 72.00 | 94.00 | NOTE | |
r-oldrel-macos-x86_64 | 0.9.16 | NOTE | ||||
r-oldrel-windows-ix86+x86_64 | 0.9.16 | 20.00 | 67.00 | 87.00 | NOTE |
Version: 0.9.16
Check: package dependencies
Result: NOTE
Package suggested but not available for checking: 'Rdonlp2'
Flavors: r-devel-linux-x86_64-debian-clang, r-devel-linux-x86_64-debian-gcc, r-devel-linux-x86_64-fedora-clang, r-devel-linux-x86_64-fedora-gcc, r-devel-windows-ix86+x86_64, r-patched-linux-x86_64, r-patched-solaris-x86, r-release-linux-x86_64, r-release-macos-x86_64, r-release-windows-ix86+x86_64, r-oldrel-macos-x86_64, r-oldrel-windows-ix86+x86_64