CRAN Package Check Results for Package deltaPlotR

Last updated on 2020-12-04 00:48:20 CET.

Flavor Version Tinstall Tcheck Ttotal Status Flags
r-devel-linux-x86_64-debian-clang 1.6 2.89 25.05 27.94 NOTE
r-devel-linux-x86_64-debian-gcc 1.6 2.12 22.03 24.15 NOTE
r-devel-linux-x86_64-fedora-clang 1.6 40.50 NOTE
r-devel-linux-x86_64-fedora-gcc 1.6 30.73 NOTE
r-devel-windows-ix86+x86_64 1.6 6.00 41.00 47.00 OK
r-patched-linux-x86_64 1.6 2.83 23.84 26.67 NOTE
r-patched-solaris-x86 1.6 46.60 NOTE
r-release-linux-x86_64 1.6 3.00 24.26 27.26 NOTE
r-release-macos-x86_64 1.6 OK
r-release-windows-ix86+x86_64 1.6 5.00 40.00 45.00 OK
r-oldrel-macos-x86_64 1.6 OK
r-oldrel-windows-ix86+x86_64 1.6 4.00 37.00 41.00 OK

Check Details

Version: 1.6
Check: for non-standard things in the check directory
Result: NOTE
    Found the following files/directories:
     'res.pdf' 'res1.jpg'
Flavors: r-devel-linux-x86_64-debian-clang, r-devel-linux-x86_64-debian-gcc, r-devel-linux-x86_64-fedora-clang, r-devel-linux-x86_64-fedora-gcc, r-patched-linux-x86_64, r-patched-solaris-x86, r-release-linux-x86_64