CRAN Package Check Results for Package deisotoper

Last updated on 2020-12-04 00:48:19 CET.

Flavor Version Tinstall Tcheck Ttotal Status Flags
r-devel-linux-x86_64-debian-clang 0.0.7 4.20 49.03 53.23 OK
r-devel-linux-x86_64-debian-gcc 0.0.7 3.08 38.53 41.61 OK
r-devel-linux-x86_64-fedora-clang 0.0.7 72.33 OK
r-devel-linux-x86_64-fedora-gcc 0.0.7 62.04 OK
r-devel-windows-ix86+x86_64 0.0.7 10.00 74.00 84.00 OK
r-patched-linux-x86_64 0.0.7 3.56 45.81 49.37 OK
r-release-linux-x86_64 0.0.7 3.38 45.58 48.96 OK
r-release-macos-x86_64 0.0.7 OK
r-release-windows-ix86+x86_64 0.0.7 8.00 56.00 64.00 OK
r-oldrel-macos-x86_64 0.0.7 OK
r-oldrel-windows-ix86+x86_64 0.0.7 3.00 7.00 10.00 ERROR

Check Details

Version: 0.0.7
Check: whether package can be installed
Result: ERROR
    Installation failed.
Flavor: r-oldrel-windows-ix86+x86_64