Last updated on 2020-12-04 00:48:19 CET.
Flavor | Version | Tinstall | Tcheck | Ttotal | Status | Flags |
---|---|---|---|---|---|---|
r-devel-linux-x86_64-debian-clang | 2.3-0 | 20.27 | 132.93 | 153.20 | OK | |
r-devel-linux-x86_64-debian-gcc | 2.3-0 | 13.50 | 100.81 | 114.31 | OK | |
r-devel-linux-x86_64-fedora-clang | 2.3-0 | 187.04 | OK | |||
r-devel-linux-x86_64-fedora-gcc | 2.3-0 | 173.21 | OK | |||
r-devel-windows-ix86+x86_64 | 2.3-0 | 37.00 | 169.00 | 206.00 | OK | |
r-patched-linux-x86_64 | 2.3-0 | 11.62 | 123.11 | 134.73 | OK | |
r-patched-solaris-x86 | 2.3-0 | 248.20 | NOTE | |||
r-release-linux-x86_64 | 2.3-0 | 11.13 | 120.94 | 132.07 | OK | |
r-release-macos-x86_64 | 2.3-0 | NOTE | ||||
r-release-windows-ix86+x86_64 | 2.3-0 | 26.00 | 168.00 | 194.00 | OK | |
r-oldrel-macos-x86_64 | 2.3-0 | NOTE | ||||
r-oldrel-windows-ix86+x86_64 | 2.3-0 | 34.00 | 160.00 | 194.00 | OK |
Version: 2.3-0
Check: package dependencies
Result: NOTE
Package suggested but not available for checking: ‘BRugs’
Flavors: r-patched-solaris-x86, r-release-macos-x86_64, r-oldrel-macos-x86_64