CRAN Package Check Results for Package dcGOR

Last updated on 2020-12-04 00:48:19 CET.

Flavor Version Tinstall Tcheck Ttotal Status Flags
r-devel-linux-x86_64-debian-clang 1.0.6 22.04 165.64 187.68 OK
r-devel-linux-x86_64-debian-gcc 1.0.6 18.65 123.04 141.69 OK
r-devel-linux-x86_64-fedora-clang 1.0.6 232.86 NOTE
r-devel-linux-x86_64-fedora-gcc 1.0.6 221.09 OK
r-devel-windows-ix86+x86_64 1.0.6 40.00 189.00 229.00 NOTE
r-patched-linux-x86_64 1.0.6 19.88 153.81 173.69 OK
r-patched-solaris-x86 1.0.6 301.60 NOTE
r-release-linux-x86_64 1.0.6 19.68 137.50 157.18 OK
r-release-macos-x86_64 1.0.6 NOTE
r-release-windows-ix86+x86_64 1.0.6 29.00 191.00 220.00 NOTE
r-oldrel-macos-x86_64 1.0.6 NOTE
r-oldrel-windows-ix86+x86_64 1.0.6 29.00 177.00 206.00 NOTE

Check Details

Version: 1.0.6
Check: installed package size
Result: NOTE
     installed size is 5.4Mb
     sub-directories of 1Mb or more:
     data 4.1Mb
Flavors: r-devel-linux-x86_64-fedora-clang, r-devel-windows-ix86+x86_64, r-patched-solaris-x86, r-release-macos-x86_64, r-release-windows-ix86+x86_64, r-oldrel-macos-x86_64, r-oldrel-windows-ix86+x86_64

Version: 1.0.6
Check: package dependencies
Result: NOTE
    Package suggested but not available for checking: 'doMC'
Flavors: r-devel-windows-ix86+x86_64, r-release-windows-ix86+x86_64, r-oldrel-windows-ix86+x86_64