CRAN Package Check Results for Package dbscan

Last updated on 2020-12-04 00:48:19 CET.

Flavor Version Tinstall Tcheck Ttotal Status Flags
r-devel-linux-x86_64-debian-clang 1.1-5 142.20 94.93 237.13 OK
r-devel-linux-x86_64-debian-gcc 1.1-5 81.67 71.25 152.92 OK
r-devel-linux-x86_64-fedora-clang 1.1-5 359.99 NOTE
r-devel-linux-x86_64-fedora-gcc 1.1-5 304.41 OK
r-devel-windows-ix86+x86_64 1.1-5 323.00 195.00 518.00 OK
r-patched-linux-x86_64 1.1-5 114.26 91.92 206.18 OK
r-patched-solaris-x86 1.1-5 301.70 OK
r-release-linux-x86_64 1.1-5 112.56 90.47 203.03 OK
r-release-macos-x86_64 1.1-5 NOTE
r-release-windows-ix86+x86_64 1.1-5 234.00 157.00 391.00 OK
r-oldrel-macos-x86_64 1.1-5 NOTE
r-oldrel-windows-ix86+x86_64 1.1-5 247.00 184.00 431.00 OK

Check Details

Version: 1.1-5
Check: installed package size
Result: NOTE
     installed size is 9.2Mb
     sub-directories of 1Mb or more:
     libs 8.0Mb
Flavors: r-devel-linux-x86_64-fedora-clang, r-release-macos-x86_64, r-oldrel-macos-x86_64