Last updated on 2020-12-04 00:48:19 CET.
Flavor | Version | Tinstall | Tcheck | Ttotal | Status | Flags |
---|---|---|---|---|---|---|
r-devel-linux-x86_64-debian-clang | 2.0.0 | 16.67 | 133.25 | 149.92 | OK | |
r-devel-linux-x86_64-debian-gcc | 2.0.0 | 13.27 | 101.24 | 114.51 | OK | |
r-devel-linux-x86_64-fedora-clang | 2.0.0 | 185.29 | OK | |||
r-devel-linux-x86_64-fedora-gcc | 2.0.0 | 174.56 | OK | |||
r-devel-windows-ix86+x86_64 | 2.0.0 | 28.00 | 165.00 | 193.00 | OK | |
r-patched-linux-x86_64 | 2.0.0 | 15.79 | 127.91 | 143.70 | OK | |
r-patched-solaris-x86 | 2.0.0 | 218.90 | NOTE | |||
r-release-linux-x86_64 | 2.0.0 | 15.02 | 124.85 | 139.87 | OK | |
r-release-macos-x86_64 | 2.0.0 | OK | ||||
r-release-windows-ix86+x86_64 | 2.0.0 | 21.00 | 128.00 | 149.00 | OK | |
r-oldrel-macos-x86_64 | 2.0.0 | OK | ||||
r-oldrel-windows-ix86+x86_64 | 2.0.0 | 20.00 | 158.00 | 178.00 | OK |
Version: 2.0.0
Check: package dependencies
Result: NOTE
Package suggested but not available for checking: ‘RPostgres’
Flavor: r-patched-solaris-x86