CRAN Package Check Results for Package dbnlearn

Last updated on 2020-12-04 00:48:19 CET.

Flavor Version Tinstall Tcheck Ttotal Status Flags
r-devel-linux-x86_64-debian-clang 0.1.0 2.87 35.90 38.77 OK
r-devel-linux-x86_64-debian-gcc 0.1.0 2.75 28.72 31.47 OK
r-devel-linux-x86_64-fedora-clang 0.1.0 52.37 NOTE
r-devel-linux-x86_64-fedora-gcc 0.1.0 41.89 NOTE
r-devel-windows-ix86+x86_64 0.1.0 7.00 53.00 60.00 OK
r-patched-linux-x86_64 0.1.0 3.49 34.56 38.05 OK
r-patched-solaris-x86 0.1.0 64.80 NOTE
r-release-linux-x86_64 0.1.0 3.83 35.99 39.82 OK
r-release-macos-x86_64 0.1.0 NOTE
r-release-windows-ix86+x86_64 0.1.0 9.00 42.00 51.00 OK
r-oldrel-macos-x86_64 0.1.0 NOTE
r-oldrel-windows-ix86+x86_64 0.1.0 13.00 53.00 66.00 OK

Check Details

Version: 0.1.0
Check: dependencies in R code
Result: NOTE
    Namespace in Imports field not imported from: ‘ggplot2’
     All declared Imports should be used.
Flavors: r-devel-linux-x86_64-fedora-clang, r-devel-linux-x86_64-fedora-gcc, r-patched-solaris-x86, r-release-macos-x86_64, r-oldrel-macos-x86_64