CRAN Package Check Results for Package daymetr

Last updated on 2020-12-04 00:48:19 CET.

Flavor Version Tinstall Tcheck Ttotal Status Flags
r-devel-linux-x86_64-debian-clang 1.4 4.02 45.59 49.61 OK
r-devel-linux-x86_64-debian-gcc 1.4 2.63 35.39 38.02 OK
r-devel-linux-x86_64-fedora-clang 1.4 66.43 OK
r-devel-linux-x86_64-fedora-gcc 1.4 55.11 OK
r-devel-windows-ix86+x86_64 1.4 7.00 149.00 156.00 OK
r-patched-linux-x86_64 1.4 3.42 45.80 49.22 OK
r-patched-solaris-x86 1.4 80.90 OK
r-release-linux-x86_64 1.4 3.39 2.64 6.03 FAIL
r-release-macos-x86_64 1.4 OK
r-release-windows-ix86+x86_64 1.4 6.00 108.00 114.00 OK
r-oldrel-macos-x86_64 1.4 OK
r-oldrel-windows-ix86+x86_64 1.4 4.00 117.00 121.00 OK

Check Details

Version: 1.4
Check: tests
Result: FAIL
Flavor: r-release-linux-x86_64