CRAN Package Check Results for Package datetimeutils

Last updated on 2020-12-04 00:48:19 CET.

Flavor Version Tinstall Tcheck Ttotal Status Flags
r-devel-linux-x86_64-debian-clang 0.4-0 3.06 28.51 31.57 OK
r-devel-linux-x86_64-debian-gcc 0.4-0 1.98 24.89 26.87 OK
r-devel-linux-x86_64-fedora-clang 0.4-0 45.82 NOTE
r-devel-linux-x86_64-fedora-gcc 0.4-0 35.71 OK
r-devel-windows-ix86+x86_64 0.4-0 6.00 47.00 53.00 OK
r-patched-linux-x86_64 0.4-0 2.58 29.96 32.54 OK
r-patched-solaris-x86 0.4-0 52.70 OK
r-release-linux-x86_64 0.4-0 2.50 28.84 31.34 OK
r-release-macos-x86_64 0.4-0 OK
r-release-windows-ix86+x86_64 0.4-0 6.00 39.00 45.00 OK
r-oldrel-macos-x86_64 0.4-0 OK
r-oldrel-windows-ix86+x86_64 0.4-0 5.00 38.00 43.00 OK

Check Details

Version: 0.4-0
Check: Rd cross-references
Result: NOTE
    Undeclared package ‘anytime’ in Rd xrefs
Flavor: r-devel-linux-x86_64-fedora-clang