Last updated on 2020-12-04 00:48:19 CET.
Flavor | Version | Tinstall | Tcheck | Ttotal | Status | Flags |
---|---|---|---|---|---|---|
r-devel-linux-x86_64-debian-clang | 0.8.7 | 100.03 | 35.65 | 135.68 | NOTE | |
r-devel-linux-x86_64-debian-gcc | 0.8.7 | 62.73 | 30.34 | 93.07 | NOTE | |
r-devel-linux-x86_64-fedora-clang | 0.8.7 | 182.04 | NOTE | |||
r-devel-linux-x86_64-fedora-gcc | 0.8.7 | 158.50 | NOTE | |||
r-devel-windows-ix86+x86_64 | 0.8.7 | 163.00 | 79.00 | 242.00 | NOTE | |
r-patched-linux-x86_64 | 0.8.7 | 75.45 | 34.69 | 110.14 | NOTE | |
r-patched-solaris-x86 | 0.8.7 | 142.30 | NOTE | |||
r-release-linux-x86_64 | 0.8.7 | 74.48 | 35.25 | 109.73 | NOTE | |
r-release-macos-x86_64 | 0.8.7 | NOTE | ||||
r-release-windows-ix86+x86_64 | 0.8.7 | 113.00 | 56.00 | 169.00 | NOTE | |
r-oldrel-macos-x86_64 | 0.8.7 | NOTE | ||||
r-oldrel-windows-ix86+x86_64 | 0.8.7 | 111.00 | 58.00 | 169.00 | NOTE |
Version: 0.8.7
Check: for GNU extensions in Makefiles
Result: NOTE
GNU make is a SystemRequirements.
Flavors: r-devel-linux-x86_64-debian-clang, r-devel-linux-x86_64-debian-gcc, r-devel-linux-x86_64-fedora-clang, r-devel-linux-x86_64-fedora-gcc, r-devel-windows-ix86+x86_64, r-patched-linux-x86_64, r-patched-solaris-x86, r-release-linux-x86_64, r-release-macos-x86_64, r-release-windows-ix86+x86_64, r-oldrel-macos-x86_64, r-oldrel-windows-ix86+x86_64
Version: 0.8.7
Check: installed package size
Result: NOTE
installed size is 5.2Mb
sub-directories of 1Mb or more:
libs 4.7Mb
Flavor: r-devel-linux-x86_64-fedora-clang
Version: 0.8.7
Check: compilation flags used
Result: NOTE
Compilation used the following non-portable flag(s):
‘-Werror=implicit-function-declaration)’
Flavor: r-devel-linux-x86_64-fedora-gcc