CRAN Package Check Results for Package data360r

Last updated on 2020-12-04 00:48:19 CET.

Flavor Version Tinstall Tcheck Ttotal Status Flags
r-devel-linux-x86_64-debian-clang 1.0.8 3.12 26.77 29.89 OK
r-devel-linux-x86_64-debian-gcc 1.0.8 2.50 21.63 24.13 OK
r-devel-linux-x86_64-fedora-clang 1.0.8 41.87 NOTE
r-devel-linux-x86_64-fedora-gcc 1.0.8 31.60 NOTE
r-devel-windows-ix86+x86_64 1.0.8 5.00 41.00 46.00 OK
r-patched-linux-x86_64 1.0.8 2.89 26.82 29.71 OK
r-patched-solaris-x86 1.0.8 48.50 NOTE
r-release-linux-x86_64 1.0.8 3.20 25.70 28.90 OK
r-release-macos-x86_64 1.0.8 NOTE
r-release-windows-ix86+x86_64 1.0.8 4.00 41.00 45.00 OK
r-oldrel-macos-x86_64 1.0.8 NOTE
r-oldrel-windows-ix86+x86_64 1.0.8 3.00 39.00 42.00 OK

Check Details

Version: 1.0.8
Check: dependencies in R code
Result: NOTE
    Namespace in Imports field not imported from: ‘curl’
     All declared Imports should be used.
Flavors: r-devel-linux-x86_64-fedora-clang, r-devel-linux-x86_64-fedora-gcc, r-patched-solaris-x86, r-release-macos-x86_64, r-oldrel-macos-x86_64