Last updated on 2020-12-04 00:48:19 CET.
Flavor | Version | Tinstall | Tcheck | Ttotal | Status | Flags |
---|---|---|---|---|---|---|
r-devel-linux-x86_64-debian-clang | 0.5.0 | 8.70 | 46.93 | 55.63 | OK | |
r-devel-linux-x86_64-debian-gcc | 0.5.0 | 7.72 | 39.74 | 47.46 | OK | |
r-devel-linux-x86_64-fedora-clang | 0.5.0 | 73.28 | NOTE | |||
r-devel-linux-x86_64-fedora-gcc | 0.5.0 | 63.30 | NOTE | |||
r-devel-windows-ix86+x86_64 | 0.5.0 | 18.00 | 70.00 | 88.00 | NOTE | |
r-patched-linux-x86_64 | 0.5.0 | 8.95 | 45.76 | 54.71 | OK | |
r-patched-solaris-x86 | 0.5.0 | 102.60 | NOTE | |||
r-release-linux-x86_64 | 0.5.0 | 8.85 | 45.33 | 54.18 | OK | |
r-release-macos-x86_64 | 0.5.0 | NOTE | ||||
r-release-windows-ix86+x86_64 | 0.5.0 | 18.00 | 56.00 | 74.00 | NOTE | |
r-oldrel-macos-x86_64 | 0.5.0 | NOTE | ||||
r-oldrel-windows-ix86+x86_64 | 0.5.0 | 23.00 | 65.00 | 88.00 | NOTE |
Version: 0.5.0
Check: installed package size
Result: NOTE
installed size is 8.8Mb
sub-directories of 1Mb or more:
lib 8.4Mb
Flavors: r-devel-linux-x86_64-fedora-clang, r-devel-windows-ix86+x86_64, r-patched-solaris-x86, r-release-macos-x86_64, r-release-windows-ix86+x86_64, r-oldrel-macos-x86_64, r-oldrel-windows-ix86+x86_64
Version: 0.5.0
Check: dependencies in R code
Result: NOTE
Namespace in Imports field not imported from: ‘dashTable’
All declared Imports should be used.
Flavors: r-devel-linux-x86_64-fedora-clang, r-devel-linux-x86_64-fedora-gcc, r-patched-solaris-x86, r-release-macos-x86_64, r-oldrel-macos-x86_64