CRAN Package Check Results for Package dabestr

Last updated on 2020-12-04 00:48:19 CET.

Flavor Version Tinstall Tcheck Ttotal Status Flags
r-devel-linux-x86_64-debian-clang 0.3.0 28.49 284.34 312.83 OK
r-devel-linux-x86_64-debian-gcc 0.3.0 21.19 198.76 219.95 OK
r-devel-linux-x86_64-fedora-clang 0.3.0 339.68 NOTE
r-devel-linux-x86_64-fedora-gcc 0.3.0 335.80 NOTE
r-devel-windows-ix86+x86_64 0.3.0 16.00 325.00 341.00 OK
r-patched-linux-x86_64 0.3.0 26.73 291.62 318.35 OK
r-patched-solaris-x86 0.3.0 470.70 NOTE
r-release-linux-x86_64 0.3.0 29.74 291.33 321.07 OK
r-release-macos-x86_64 0.3.0 NOTE
r-release-windows-ix86+x86_64 0.3.0 15.00 276.00 291.00 OK
r-oldrel-macos-x86_64 0.3.0 NOTE
r-oldrel-windows-ix86+x86_64 0.3.0 16.00 467.00 483.00 OK

Check Details

Version: 0.3.0
Check: dependencies in R code
Result: NOTE
    Namespaces in Imports field not imported from:
     ‘plyr’ ‘simpleboot’
     All declared Imports should be used.
Flavors: r-devel-linux-x86_64-fedora-clang, r-devel-linux-x86_64-fedora-gcc, r-patched-solaris-x86, r-release-macos-x86_64, r-oldrel-macos-x86_64