Last updated on 2020-12-04 00:48:20 CET.
Flavor | Version | Tinstall | Tcheck | Ttotal | Status | Flags |
---|---|---|---|---|---|---|
r-devel-linux-x86_64-debian-clang | 1.0.1 | 14.42 | 171.46 | 185.88 | NOTE | |
r-devel-linux-x86_64-debian-gcc | 1.0.1 | 11.93 | 125.40 | 137.33 | NOTE | |
r-devel-linux-x86_64-fedora-clang | 1.0.1 | 224.21 | NOTE | |||
r-devel-linux-x86_64-fedora-gcc | 1.0.1 | 213.15 | NOTE | |||
r-devel-windows-ix86+x86_64 | 1.0.1 | 28.00 | 210.00 | 238.00 | NOTE | |
r-patched-linux-x86_64 | 1.0.1 | 13.90 | 162.76 | 176.66 | NOTE | |
r-patched-solaris-x86 | 1.0.1 | 265.80 | NOTE | |||
r-release-linux-x86_64 | 1.0.1 | 14.48 | 162.26 | 176.74 | NOTE | |
r-release-macos-x86_64 | 1.0.1 | NOTE | ||||
r-release-windows-ix86+x86_64 | 1.0.1 | 21.00 | 159.00 | 180.00 | NOTE | |
r-oldrel-macos-x86_64 | 1.0.1 | OK | ||||
r-oldrel-windows-ix86+x86_64 | 1.0.1 | 20.00 | 218.00 | 238.00 | NOTE |
Version: 1.0.1
Check: package dependencies
Result: NOTE
Package suggested but not available for checking: 'rPython'
Flavors: r-devel-linux-x86_64-debian-clang, r-devel-linux-x86_64-debian-gcc, r-devel-linux-x86_64-fedora-clang, r-devel-linux-x86_64-fedora-gcc, r-devel-windows-ix86+x86_64, r-patched-linux-x86_64, r-patched-solaris-x86, r-release-linux-x86_64, r-release-macos-x86_64, r-release-windows-ix86+x86_64, r-oldrel-windows-ix86+x86_64