Last updated on 2020-12-04 00:48:19 CET.
Flavor | Version | Tinstall | Tcheck | Ttotal | Status | Flags |
---|---|---|---|---|---|---|
r-devel-linux-x86_64-debian-clang | 0.0.3 | 4.29 | 54.10 | 58.39 | NOTE | |
r-devel-linux-x86_64-debian-gcc | 0.0.3 | 2.79 | 44.62 | 47.41 | NOTE | |
r-devel-linux-x86_64-fedora-clang | 0.0.3 | 79.13 | NOTE | |||
r-devel-linux-x86_64-fedora-gcc | 0.0.3 | 67.16 | NOTE | |||
r-devel-windows-ix86+x86_64 | 0.0.3 | 8.00 | 74.00 | 82.00 | NOTE | |
r-patched-linux-x86_64 | 0.0.3 | 3.64 | 53.60 | 57.24 | NOTE | |
r-patched-solaris-x86 | 0.0.3 | 89.20 | NOTE | |||
r-release-linux-x86_64 | 0.0.3 | 3.12 | 53.88 | 57.00 | NOTE | |
r-release-macos-x86_64 | 0.0.3 | NOTE | ||||
r-release-windows-ix86+x86_64 | 0.0.3 | 6.00 | 54.00 | 60.00 | NOTE | |
r-oldrel-macos-x86_64 | 0.0.3 | NOTE | ||||
r-oldrel-windows-ix86+x86_64 | 0.0.3 | 5.00 | 71.00 | 76.00 | NOTE |
Version: 0.0.3
Check: R code for possible problems
Result: NOTE
.mixgauss_init: no visible global function definition for 'cov'
.mixgauss_init: no visible global function definition for 'var'
Undefined global functions or variables:
cov var
Consider adding
importFrom("stats", "cov", "var")
to your NAMESPACE file.
Flavors: r-devel-linux-x86_64-debian-clang, r-devel-linux-x86_64-debian-gcc, r-devel-linux-x86_64-fedora-clang, r-devel-linux-x86_64-fedora-gcc, r-devel-windows-ix86+x86_64, r-patched-linux-x86_64, r-patched-solaris-x86, r-release-linux-x86_64, r-release-macos-x86_64, r-release-windows-ix86+x86_64, r-oldrel-macos-x86_64, r-oldrel-windows-ix86+x86_64